e remainder when 1427 is divided by a?
23
Let l(z) = 98*z - 477. What is the remainder when 1279 is divided by l(5)?
5
Let l = -404 - -410. Suppose 7*g - c = l*g + 171, 5*g + c = 843. Calculate the remainder when g is divided by 43.
40
Suppose 9*t - 9 - 18 = 0. Suppose 2*r + l - 4*l = 49, -t*l - 83 = -4*r. Suppose 0*i - 2*i = -128. Calculate the remainder when i is divided by r.
13
Let c be -8*(-1 + 42/24). Calculate the remainder when ((-81)/(-18))/(c/(-4)) - -57 is divided by 21.
18
Suppose -4*j + 1214 = 2*a, 10*j - 2*a - 1540 = 5*j. Let n = j + -253. What is the remainder when n is divided by 6?
5
Suppose -38 - 128 = -d - 2*q, -822 = -5*d - 2*q. What is the remainder when 2129 is divided by d?
161
Suppose -5*m = 3*j - 1958 - 617, 2060 = 4*m + 2*j. Let u = 522 - m. Let v = 27 - 16. Calculate the remainder when v is divided by u.
4
Suppose 5*d - 212 = 2*h, -h = 5*d - 4*h - 213. Suppose d = -9*t + 186. Suppose -2*k = -k - t. What is the remainder when k is divided by 6?
4
Let i = -159160 + 159231. Let k = 36 - -3. Calculate the remainder when i is divided by k.
32
What is the remainder when 516 is divided by (495/(-22) + 3 + 8)/(1/(-2))?
10
Let f be (-11)/4 + 1/(-4). Let m(v) = -v**3 - 2*v**2 - 3*v + 1. Let g = 37515 + -37504. Calculate the remainder when m(f) is divided by g.
8
Suppose -25*h = 46*h - 1241 - 3516. What is the remainder when 67 is divided by h?
0
Let i(b) = -10*b**2 + 125*b + 121. Let j(h) = -7*h**2 + 83*h + 80. Let w(t) = -5*i(t) + 7*j(t). Calculate the remainder when w(46) is divided by 26.
21
Let v(q) = -8 - 4*q - 4 - 3 + 6. Let j be v(-2). Calculate the remainder when 3 is divided by ((-2)/(-6)*1)/(j/(-9)).
0
Let v be ((-3)/2)/((-135)/46530). Suppose 7*i - 743 - v = 0. What is the remainder when i is divided by 47?
39
Let g(l) = l**3 - 3*l**2 + l + 1. Let d be g(1). Suppose -13*v + 98 + 175 = d. Let y(o) = 2*o - 38. What is the remainder when 25 is divided by y(v)?
1
Let x(l) = -3*l - 1. Let n(z) = z**3 - 7*z**2 + z + 5. Let h be n(7). Suppose h*t = 16*t + 48. What is the remainder when x(t) is divided by 19?
16
Let w(b) = -11*b + 77. Suppose 0 = -r + 3*r - 5*i - 97, 2*r + 5*i - 147 = 0. What is the remainder when r is divided by w(5)?
17
Let d = -121 - -152. Let x = d - -25. Let j = -29 - -58. What is the remainder when x is divided by j?
27
Calculate the remainder when 1251 is divided by ((-16)/18)/(-1) - (-189376)/4842.
11
Suppose -1600 = -1013*x + 988*x. What is the remainder when (1532/10)/(2/10) is divided by x?
62
Suppose 7*x + 12 = -9. Let y be (-1 + 7/x)/((-10)/105). Let n = -18 + y. Calculate the remainder when 235 is divided by n.
14
Suppose -187*d + 109*d - 126*d + 29580 = 0. Calculate the remainder when d is divided by 9.
1
Let l = 336 + -224. Suppose 0 = c - z - 361, -z + 2348 = 5*c + 573. Suppose c - l = 4*x. What is the remainder when x is divided by 9?
7
Let x(m) = -m**2 - 66*m - 42. What is the remainder when 3655 is divided by x(-65)?
21
Let x(r) = 398*r**2 - 4*r + 2. Let n be x(1). Suppose n = 3*o - 3*u + 90, -2*o - 5*u = -169. Calculate the remainder when o is divided by 2/4*(49 + 1).
22
Suppose 107*r + 112*r + 1197 = 226*r. What is the remainder when r is divided by 48?
27
Let t be 2/11 - 856/(-11)*1. Suppose -5*o = 2*p - 45, -2*p = -7*p - o + t. What is the remainder when 102 is divided by p?
12
Suppose -3*k - 2*k - 5 = 0. Suppose 2234 + 1963 = 108*q + 1281. Calculate the remainder when q is divided by (5/10)/(k/(-16)).
3
Suppose 0 = -4*f - 24, 4*k - 2504 = 11*f - 15*f. Calculate the remainder when k is divided by 315.
2
Suppose 5*x = 25, 3*p - 54 = -0*x + 3*x. Calculate the remainder when 2*(-2)/(-2) - 465/(-15) is divided by p.
10
Let i(s) = -505*s + 2042. What is the remainder when 348 is divided by i(4)?
18
Let v = 85 - 61. Suppose -2*m - 2*s = 3*m - 25, 2*s + v = 2*m. Let f(u) = -u**3 - 13*u**2 - 14*u - 8. What is the remainder when f(-12) is divided by m?
2
Calculate the remainder when 1502 is divided by (-1 + -3 + 1)/(606/808) - -17.
7
Suppose 0 = 57*n - 2650 - 4646. What is the remainder when 14462 is divided by n?
126
What is the remainder when 6822 is divided by 98/2 + 0/(-32)?
11
Let b = 3903 + -2738. What is the remainder when b is divided by 24?
13
What is the remainder when 22961 + -1 - (-570 + 562) is divided by 93?
90
Let j(d) = -d**3 + 4*d**2 + 7*d - 1. Let b be j(5). Suppose -111 = -b*k + 177. Calculate the remainder when 189 is divided by k.
29
Suppose 0*m + 74 = 37*m. Suppose l - 124 = m*z, 753 - 277 = 4*l - 4*z. Let n = 14 + -1. What is the remainder when l is divided by n?
10
Suppose -2*z + 4*b + 62 = 0, 7*b - 163 = -4*z + 2*b. Suppose 4*k + 740 = 2*w, -365 = -7*w + 6*w - 3*k. What is the remainder when w is divided by z?
35
Suppose 4*q + 3*r - 15 = 21, -r = -q + 2. Suppose q*h = -h + 98. Let p = 92 - 52. Calculate the remainder when p is divided by h.
12
Let g(l) = l**2 + 22*l + 74. Suppose 2*d + 4*m = 64, 4*d + 0*m - 161 = 3*m. What is the remainder when g(-22) is divided by d?
36
Suppose 4*u - 266 = 144*v - 142*v, u - 5*v - 80 = 0. Calculate the remainder when 387 is divided by u.
62
Let k = 238 - 103. Suppose 150 = x + k. Let r(t) = -t + 37. What is the remainder when r(0) is divided by x?
7
Suppose -11298 = -170*i - 9768. Let a(o) = 3*o**2 + 7*o + 6. What is the remainder when a(-7) is divided by i?
5
Let f(w) = 3*w + 13. Let k be f(-6). Calculate the remainder when 73 is divided by (3/(-6))/(14/(-588)) - k.
21
Suppose -2*p + p = -41. Let s = -20989 - -21189. Calculate the remainder when s is divided by p.
36
Suppose 3*l = -3*p + 18, 2*p - l + 2 = 20. Suppose -2*o = 3*w - p*w - 7, 1 = o - 5*w. Suppose -288 = -o*h + 42. Calculate the remainder when h is divided by 29.
26
Let w = 19 - 17. Let y(j) = 11 + 2*j + w*j**2 + 5*j**3 - 12 - 2*j**2. Calculate the remainder when 27 is divided by y(1).
3
Let t(a) = -19*a - 34 + 3*a - a**2 + 2*a - 6*a. Let m be t(-19). Calculate the remainder when m/(-5) + 16 + -1 + 4 is divided by 6.
4
Let d = 168 - 246. Let j = d - 46. Calculate the remainder when j*((-15)/(-20) + -1) is divided by 11.
9
Let u be 5 + (-2 - (-3 + 0)) + -2. Suppose -473 = u*v - 1625. Suppose -3*k + v = 3*k. What is the remainder when k is divided by 10?
8
Suppose -m + 3 = -f + 4, -3*f + 5*m + 11 = 0. Calculate the remainder when 59 is divided by (-3534)/(-171) - (-2)/f.
19
Let y = 2714 - 2114. What is the remainder when y is divided by 67?
64
What is the remainder when 178 is divided by 160 + (-7)/((-2 + 1)/(8 + -7))?
11
Suppose -4*f + 20 = -3*q - 30, -12 = -2*q. What is the remainder when 749 is divided by f?
1
Suppose 107 = 5*u + 17. Let a(o) = -28*o + 368. Let f be a(-15). Suppose -3*t = -866 + f. What is the remainder when t is divided by u?
8
Suppose -4*d + 8*b = 5*b - 111, 2*d - 53 = -b. Calculate the remainder when (-4 - -11)*-1*-23 is divided by d.
26
Suppose 82 = 13*m + 4. Calculate the remainder when 44 is divided by (-20)/(-2)*(72/(-15) + m).
8
Suppose -60*x = 286*x - 2077 - 2421. What is the remainder when 3818 is divided by x?
9
What is the remainder when -2*15/60*-4812 is divided by 801?
3
Let m(c) = -c**2 - 13*c - 12. Let x be m(-1). Suppose -2*i + 18 = j - 0, -4*i + 3*j + 46 = x. Calculate the remainder when 18 is divided by i.
8
Suppose -2*i + 6 = 0, -5*j + 49 = 3*i - 45. Suppose 0 = -35*h - 1174 + 5059. What is the remainder when h is divided by j?
9
Let x(a) = -4*a - 16. Calculate the remainder when 5149 is divided by x(-11).
25
Suppose -3*i = -0*i - 1128. Suppose -20*f = -1693 + 613. Calculate the remainder when i is divided by f.
52
Let a(g) = 223*g + 1583. Calculate the remainder when a(-4) is divided by 239.
213
Let i(q) = 1. Let j(m) = -2*m + 32. Let h(a) = 5*i(a) + j(a). Let o be h(-7). Let c = o + -39. What is the remainder when 46 is divided by c?
10
Let j = 831 - 803. Let k(l) = -3*l**2 + 6*l + 7. Let h(n) = n**2 - n + 1. Let b(a) = 4*h(a) + k(a). What is the remainder when b(9) is divided by j?
26
Suppose 0 = -19*g + 58 - 39. Suppose -g = -y + 2*l + 1, 4*y - l = 43. Calculate the remainder when 105 is divided by y.
9
Suppose 0 = 118*j - 110*j - 496. Calculate the remainder when 70 is divided by j.
8
Let v be (832/24)/13*3. Suppose -2*a - 4*g + 20 + v = 0, -3*a = g - 37. Calculate the remainder when 35 is divided by a.
11
Suppose 24*s - 42